{"id":5247,"date":"2023-03-18T20:30:17","date_gmt":"2023-03-18T19:30:17","guid":{"rendered":"https:\/\/dunod-formation.com\/petite-enfance\/?post_type=formation&#038;p=5247"},"modified":"2026-04-22T13:52:36","modified_gmt":"2026-04-22T11:52:36","slug":"eveil-a-la-nature","status":"publish","type":"formation","link":"https:\/\/dunod-formation.com\/petite-enfance\/formation\/eveil-a-la-nature\/","title":{"rendered":"\u00c9veil \u00e0 la nature"},"featured_media":5276,"menu_order":0,"template":"","type_formation":[3],"acf":[],"yoast_head":"<!-- This site is optimized with the Yoast SEO plugin v20.8 - https:\/\/yoast.com\/wordpress\/plugins\/seo\/ -->\n<title>\u00c9veil \u00e0 la nature - Dunod Formation Petite Enfance<\/title>\n<meta name=\"description\" content=\"Formation digitale Dunod pour accompagner les tout-petits dans leur \u00e9veil \u00e0 la nature en \u00e9tablissement d&#039;accueil de jeunes enfants\" \/>\n<meta name=\"robots\" content=\"index, follow, max-snippet:-1, max-image-preview:large, max-video-preview:-1\" \/>\n<link rel=\"canonical\" href=\"https:\/\/dunod-formation.com\/petite-enfance\/formation\/eveil-a-la-nature\/\" \/>\n<meta property=\"og:locale\" content=\"fr_FR\" \/>\n<meta property=\"og:type\" content=\"article\" \/>\n<meta property=\"og:title\" content=\"Formation digitale &quot;Eveil \u00e0 la nature : des bienfaits d\u00e8s la petite enfance&quot;\" \/>\n<meta property=\"og:description\" content=\"Comment favoriser l\u2019exploration et le jeu libre en nature et quels sont ses b\u00e9n\u00e9fices ? Comment jouer avec la nature en toute s\u00e9curit\u00e9 et dans une d\u00e9marche d\u2019accueil inclusif ? Comment sensibiliser facilement \u00e0 la protection de la plan\u00e8te et au cycle de la vie d\u00e8s le plus jeune \u00e2ge ? Comment devenir un \u00ab passeur de nature \u00bb ? Comment sensibiliser les parents \u00e0 l\u2019importance de ces moments nature ?\" \/>\n<meta property=\"og:url\" content=\"https:\/\/dunod-formation.com\/petite-enfance\/formation\/eveil-a-la-nature\/\" \/>\n<meta property=\"og:site_name\" content=\"Dunod Formation Petite Enfance\" \/>\n<meta property=\"article:modified_time\" content=\"2026-04-22T11:52:36+00:00\" \/>\n<meta property=\"og:image\" content=\"https:\/\/dunod-formation.com\/petite-enfance\/wp-content\/uploads\/2023\/03\/eveil_nature_fb.jpg\" \/>\n\t<meta property=\"og:image:width\" content=\"668\" \/>\n\t<meta property=\"og:image:height\" content=\"443\" \/>\n\t<meta property=\"og:image:type\" content=\"image\/jpeg\" \/>\n<meta name=\"twitter:card\" content=\"summary_large_image\" \/>\n<script type=\"application\/ld+json\" class=\"yoast-schema-graph\">{\"@context\":\"https:\/\/schema.org\",\"@graph\":[{\"@type\":\"WebPage\",\"@id\":\"https:\/\/dunod-formation.com\/petite-enfance\/formation\/eveil-a-la-nature\/\",\"url\":\"https:\/\/dunod-formation.com\/petite-enfance\/formation\/eveil-a-la-nature\/\",\"name\":\"\u00c9veil \u00e0 la nature - Dunod Formation Petite Enfance\",\"isPartOf\":{\"@id\":\"https:\/\/dunod-formation.com\/petite-enfance\/#website\"},\"datePublished\":\"2023-03-18T19:30:17+00:00\",\"dateModified\":\"2026-04-22T11:52:36+00:00\",\"description\":\"Formation digitale Dunod pour accompagner les tout-petits dans leur \u00e9veil \u00e0 la nature en \u00e9tablissement d'accueil de jeunes enfants\",\"breadcrumb\":{\"@id\":\"https:\/\/dunod-formation.com\/petite-enfance\/formation\/eveil-a-la-nature\/#breadcrumb\"},\"inLanguage\":\"fr-FR\",\"potentialAction\":[{\"@type\":\"ReadAction\",\"target\":[\"https:\/\/dunod-formation.com\/petite-enfance\/formation\/eveil-a-la-nature\/\"]}]},{\"@type\":\"BreadcrumbList\",\"@id\":\"https:\/\/dunod-formation.com\/petite-enfance\/formation\/eveil-a-la-nature\/#breadcrumb\",\"itemListElement\":[{\"@type\":\"ListItem\",\"position\":1,\"name\":\"Accueil\",\"item\":\"https:\/\/dunod-formation.com\/petite-enfance\/\"},{\"@type\":\"ListItem\",\"position\":2,\"name\":\"\u00c9veil \u00e0 la nature\"}]},{\"@type\":\"WebSite\",\"@id\":\"https:\/\/dunod-formation.com\/petite-enfance\/#website\",\"url\":\"https:\/\/dunod-formation.com\/petite-enfance\/\",\"name\":\"Dunod Formation Petite Enfance\",\"description\":\"La formation 100% en ligne pour les professionnels de la petite enfance\",\"potentialAction\":[{\"@type\":\"SearchAction\",\"target\":{\"@type\":\"EntryPoint\",\"urlTemplate\":\"https:\/\/dunod-formation.com\/petite-enfance\/?s={search_term_string}\"},\"query-input\":\"required name=search_term_string\"}],\"inLanguage\":\"fr-FR\"}]}<\/script>\n<!-- \/ Yoast SEO plugin. -->","yoast_head_json":{"title":"\u00c9veil \u00e0 la nature - Dunod Formation Petite Enfance","description":"Formation digitale Dunod pour accompagner les tout-petits dans leur \u00e9veil \u00e0 la nature en \u00e9tablissement d'accueil de jeunes enfants","robots":{"index":"index","follow":"follow","max-snippet":"max-snippet:-1","max-image-preview":"max-image-preview:large","max-video-preview":"max-video-preview:-1"},"canonical":"https:\/\/dunod-formation.com\/petite-enfance\/formation\/eveil-a-la-nature\/","og_locale":"fr_FR","og_type":"article","og_title":"Formation digitale \"Eveil \u00e0 la nature : des bienfaits d\u00e8s la petite enfance\"","og_description":"Comment favoriser l\u2019exploration et le jeu libre en nature et quels sont ses b\u00e9n\u00e9fices ? Comment jouer avec la nature en toute s\u00e9curit\u00e9 et dans une d\u00e9marche d\u2019accueil inclusif ? Comment sensibiliser facilement \u00e0 la protection de la plan\u00e8te et au cycle de la vie d\u00e8s le plus jeune \u00e2ge ? Comment devenir un \u00ab passeur de nature \u00bb ? Comment sensibiliser les parents \u00e0 l\u2019importance de ces moments nature ?","og_url":"https:\/\/dunod-formation.com\/petite-enfance\/formation\/eveil-a-la-nature\/","og_site_name":"Dunod Formation Petite Enfance","article_modified_time":"2026-04-22T11:52:36+00:00","og_image":[{"width":668,"height":443,"url":"https:\/\/dunod-formation.com\/petite-enfance\/wp-content\/uploads\/2023\/03\/eveil_nature_fb.jpg","type":"image\/jpeg"}],"twitter_card":"summary_large_image","schema":{"@context":"https:\/\/schema.org","@graph":[{"@type":"WebPage","@id":"https:\/\/dunod-formation.com\/petite-enfance\/formation\/eveil-a-la-nature\/","url":"https:\/\/dunod-formation.com\/petite-enfance\/formation\/eveil-a-la-nature\/","name":"\u00c9veil \u00e0 la nature - Dunod Formation Petite Enfance","isPartOf":{"@id":"https:\/\/dunod-formation.com\/petite-enfance\/#website"},"datePublished":"2023-03-18T19:30:17+00:00","dateModified":"2026-04-22T11:52:36+00:00","description":"Formation digitale Dunod pour accompagner les tout-petits dans leur \u00e9veil \u00e0 la nature en \u00e9tablissement d'accueil de jeunes enfants","breadcrumb":{"@id":"https:\/\/dunod-formation.com\/petite-enfance\/formation\/eveil-a-la-nature\/#breadcrumb"},"inLanguage":"fr-FR","potentialAction":[{"@type":"ReadAction","target":["https:\/\/dunod-formation.com\/petite-enfance\/formation\/eveil-a-la-nature\/"]}]},{"@type":"BreadcrumbList","@id":"https:\/\/dunod-formation.com\/petite-enfance\/formation\/eveil-a-la-nature\/#breadcrumb","itemListElement":[{"@type":"ListItem","position":1,"name":"Accueil","item":"https:\/\/dunod-formation.com\/petite-enfance\/"},{"@type":"ListItem","position":2,"name":"\u00c9veil \u00e0 la nature"}]},{"@type":"WebSite","@id":"https:\/\/dunod-formation.com\/petite-enfance\/#website","url":"https:\/\/dunod-formation.com\/petite-enfance\/","name":"Dunod Formation Petite Enfance","description":"La formation 100% en ligne pour les professionnels de la petite enfance","potentialAction":[{"@type":"SearchAction","target":{"@type":"EntryPoint","urlTemplate":"https:\/\/dunod-formation.com\/petite-enfance\/?s={search_term_string}"},"query-input":"required name=search_term_string"}],"inLanguage":"fr-FR"}]}},"_links":{"self":[{"href":"https:\/\/dunod-formation.com\/petite-enfance\/wp-json\/wp\/v2\/formation\/5247"}],"collection":[{"href":"https:\/\/dunod-formation.com\/petite-enfance\/wp-json\/wp\/v2\/formation"}],"about":[{"href":"https:\/\/dunod-formation.com\/petite-enfance\/wp-json\/wp\/v2\/types\/formation"}],"version-history":[{"count":60,"href":"https:\/\/dunod-formation.com\/petite-enfance\/wp-json\/wp\/v2\/formation\/5247\/revisions"}],"predecessor-version":[{"id":9124,"href":"https:\/\/dunod-formation.com\/petite-enfance\/wp-json\/wp\/v2\/formation\/5247\/revisions\/9124"}],"wp:featuredmedia":[{"embeddable":true,"href":"https:\/\/dunod-formation.com\/petite-enfance\/wp-json\/wp\/v2\/media\/5276"}],"wp:attachment":[{"href":"https:\/\/dunod-formation.com\/petite-enfance\/wp-json\/wp\/v2\/media?parent=5247"}],"wp:term":[{"taxonomy":"type_formation","embeddable":true,"href":"https:\/\/dunod-formation.com\/petite-enfance\/wp-json\/wp\/v2\/type_formation?post=5247"}],"curies":[{"name":"wp","href":"https:\/\/api.w.org\/{rel}","templated":true}]}}

Éveil à la nature

<!-- This site is optimized with the Yoast SEO plugin v20.8 - https://yoast.com/wordpress/plugins/seo/ -->
<title>Éveil à la nature - Dunod Formation Petite Enfance</title>
<meta name="description" content="Formation digitale Dunod pour accompagner les tout-petits dans leur éveil à la nature en établissement d&#039;accueil de jeunes enfants" />
<meta name="robots" content="index, follow, max-snippet:-1, max-image-preview:large, max-video-preview:-1" />
<link rel="canonical" href="https://dunod-formation.com/petite-enfance/formation/eveil-a-la-nature/" />
<meta property="og:locale" content="fr_FR" />
<meta property="og:type" content="article" />
<meta property="og:title" content="Formation digitale &quot;Eveil à la nature : des bienfaits dès la petite enfance&quot;" />
<meta property="og:description" content="Comment favoriser l’exploration et le jeu libre en nature et quels sont ses bénéfices ? Comment jouer avec la nature en toute sécurité et dans une démarche d’accueil inclusif ? Comment sensibiliser facilement à la protection de la planète et au cycle de la vie dès le plus jeune âge ? Comment devenir un « passeur de nature » ? Comment sensibiliser les parents à l’importance de ces moments nature ?" />
<meta property="og:url" content="https://dunod-formation.com/petite-enfance/formation/eveil-a-la-nature/" />
<meta property="og:site_name" content="Dunod Formation Petite Enfance" />
<meta property="article:modified_time" content="2026-04-22T11:52:36+00:00" />
<meta property="og:image" content="https://dunod-formation.com/petite-enfance/wp-content/uploads/2023/03/eveil_nature_fb.jpg" />
	<meta property="og:image:width" content="668" />
	<meta property="og:image:height" content="443" />
	<meta property="og:image:type" content="image/jpeg" />
<meta name="twitter:card" content="summary_large_image" />
<script type="application/ld+json" class="yoast-schema-graph">{"@context":"https://schema.org","@graph":[{"@type":"WebPage","@id":"https://dunod-formation.com/petite-enfance/formation/eveil-a-la-nature/","url":"https://dunod-formation.com/petite-enfance/formation/eveil-a-la-nature/","name":"Éveil à la nature - Dunod Formation Petite Enfance","isPartOf":{"@id":"https://dunod-formation.com/petite-enfance/#website"},"datePublished":"2023-03-18T19:30:17+00:00","dateModified":"2026-04-22T11:52:36+00:00","description":"Formation digitale Dunod pour accompagner les tout-petits dans leur éveil à la nature en établissement d'accueil de jeunes enfants","breadcrumb":{"@id":"https://dunod-formation.com/petite-enfance/formation/eveil-a-la-nature/#breadcrumb"},"inLanguage":"fr-FR","potentialAction":[{"@type":"ReadAction","target":["https://dunod-formation.com/petite-enfance/formation/eveil-a-la-nature/"]}]},{"@type":"BreadcrumbList","@id":"https://dunod-formation.com/petite-enfance/formation/eveil-a-la-nature/#breadcrumb","itemListElement":[{"@type":"ListItem","position":1,"name":"Accueil","item":"https://dunod-formation.com/petite-enfance/"},{"@type":"ListItem","position":2,"name":"Éveil à la nature"}]},{"@type":"WebSite","@id":"https://dunod-formation.com/petite-enfance/#website","url":"https://dunod-formation.com/petite-enfance/","name":"Dunod Formation Petite Enfance","description":"La formation 100% en ligne pour les professionnels de la petite enfance","potentialAction":[{"@type":"SearchAction","target":{"@type":"EntryPoint","urlTemplate":"https://dunod-formation.com/petite-enfance/?s={search_term_string}"},"query-input":"required name=search_term_string"}],"inLanguage":"fr-FR"}]}</script>
<!-- / Yoast SEO plugin. -->

Éveil à la nature - Dunod Formation Petite Enfance

Formation digitale Dunod pour accompagner les tout-petits dans leur éveil à la nature en établissement d'accueil de jeunes enfants

Formation digitale "Eveil à la nature : des bienfaits dès la petite enfance"

Comment favoriser l’exploration et le jeu libre en nature et quels sont ses bénéfices ? Comment jouer avec la nature en toute sécurité et dans une démarche d’accueil inclusif ? Comment sensibiliser facilement à la protection de la planète et au cycle de la vie dès le plus jeune âge ? Comment devenir un « passeur de nature » ? Comment sensibiliser les parents à l’importance de ces moments nature ?
