{"id":6394,"date":"2023-09-25T10:59:05","date_gmt":"2023-09-25T08:59:05","guid":{"rendered":"https:\/\/dunod-formation.com\/petite-enfance\/?post_type=formation&#038;p=6394"},"modified":"2026-04-19T22:12:28","modified_gmt":"2026-04-19T20:12:28","slug":"kit-journee-pedagogique","status":"publish","type":"formation","link":"https:\/\/dunod-formation.com\/petite-enfance\/formation\/kit-journee-pedagogique\/","title":{"rendered":"Kit Journ\u00e9e p\u00e9dagogique"},"featured_media":6459,"menu_order":0,"template":"template-kit-pedagogique.php","type_formation":[6],"acf":[],"yoast_head":"<!-- This site is optimized with the Yoast SEO plugin v20.8 - https:\/\/yoast.com\/wordpress\/plugins\/seo\/ -->\n<title>Kit Journ\u00e9e p\u00e9dagogique - Dunod Formation Petite Enfance<\/title>\n<meta name=\"description\" content=\"Les journ\u00e9es p\u00e9dagogiques sont d\u00e9di\u00e9s aux professionnels pour permettre aux \u00e9quipes d&#039;am\u00e9liorer comp\u00e9tences et relations.\" \/>\n<meta name=\"robots\" content=\"index, follow, max-snippet:-1, max-image-preview:large, max-video-preview:-1\" \/>\n<link rel=\"canonical\" href=\"https:\/\/dunod-formation.com\/petite-enfance\/formation\/kit-journee-pedagogique\/\" \/>\n<meta property=\"og:locale\" content=\"fr_FR\" \/>\n<meta property=\"og:type\" content=\"article\" \/>\n<meta property=\"og:title\" content=\"Kit Journ\u00e9e p\u00e9dagogique - Dunod Formation Petite Enfance\" \/>\n<meta property=\"og:description\" content=\"Les journ\u00e9es p\u00e9dagogiques sont d\u00e9di\u00e9s aux professionnels pour permettre aux \u00e9quipes d&#039;am\u00e9liorer comp\u00e9tences et relations.\" \/>\n<meta property=\"og:url\" content=\"https:\/\/dunod-formation.com\/petite-enfance\/formation\/kit-journee-pedagogique\/\" \/>\n<meta property=\"og:site_name\" content=\"Dunod Formation Petite Enfance\" \/>\n<meta property=\"article:modified_time\" content=\"2026-04-19T20:12:28+00:00\" \/>\n<meta property=\"og:image\" content=\"https:\/\/dunod-formation.com\/petite-enfance\/wp-content\/uploads\/2023\/09\/visuel_long_photo_site_kit_pedagogique-scaled.jpg\" \/>\n\t<meta property=\"og:image:width\" content=\"2560\" \/>\n\t<meta property=\"og:image:height\" content=\"854\" \/>\n\t<meta property=\"og:image:type\" content=\"image\/jpeg\" \/>\n<meta name=\"twitter:card\" content=\"summary_large_image\" \/>\n<script type=\"application\/ld+json\" class=\"yoast-schema-graph\">{\"@context\":\"https:\/\/schema.org\",\"@graph\":[{\"@type\":\"WebPage\",\"@id\":\"https:\/\/dunod-formation.com\/petite-enfance\/formation\/kit-journee-pedagogique\/\",\"url\":\"https:\/\/dunod-formation.com\/petite-enfance\/formation\/kit-journee-pedagogique\/\",\"name\":\"Kit Journ\u00e9e p\u00e9dagogique - Dunod Formation Petite Enfance\",\"isPartOf\":{\"@id\":\"https:\/\/dunod-formation.com\/petite-enfance\/#website\"},\"datePublished\":\"2023-09-25T08:59:05+00:00\",\"dateModified\":\"2026-04-19T20:12:28+00:00\",\"description\":\"Les journ\u00e9es p\u00e9dagogiques sont d\u00e9di\u00e9s aux professionnels pour permettre aux \u00e9quipes d'am\u00e9liorer comp\u00e9tences et relations.\",\"breadcrumb\":{\"@id\":\"https:\/\/dunod-formation.com\/petite-enfance\/formation\/kit-journee-pedagogique\/#breadcrumb\"},\"inLanguage\":\"fr-FR\",\"potentialAction\":[{\"@type\":\"ReadAction\",\"target\":[\"https:\/\/dunod-formation.com\/petite-enfance\/formation\/kit-journee-pedagogique\/\"]}]},{\"@type\":\"BreadcrumbList\",\"@id\":\"https:\/\/dunod-formation.com\/petite-enfance\/formation\/kit-journee-pedagogique\/#breadcrumb\",\"itemListElement\":[{\"@type\":\"ListItem\",\"position\":1,\"name\":\"Accueil\",\"item\":\"https:\/\/dunod-formation.com\/petite-enfance\/\"},{\"@type\":\"ListItem\",\"position\":2,\"name\":\"Kit Journ\u00e9e p\u00e9dagogique\"}]},{\"@type\":\"WebSite\",\"@id\":\"https:\/\/dunod-formation.com\/petite-enfance\/#website\",\"url\":\"https:\/\/dunod-formation.com\/petite-enfance\/\",\"name\":\"Dunod Formation Petite Enfance\",\"description\":\"La formation 100% en ligne pour les professionnels de la petite enfance\",\"potentialAction\":[{\"@type\":\"SearchAction\",\"target\":{\"@type\":\"EntryPoint\",\"urlTemplate\":\"https:\/\/dunod-formation.com\/petite-enfance\/?s={search_term_string}\"},\"query-input\":\"required name=search_term_string\"}],\"inLanguage\":\"fr-FR\"}]}<\/script>\n<!-- \/ Yoast SEO plugin. -->","yoast_head_json":{"title":"Kit Journ\u00e9e p\u00e9dagogique - Dunod Formation Petite Enfance","description":"Les journ\u00e9es p\u00e9dagogiques sont d\u00e9di\u00e9s aux professionnels pour permettre aux \u00e9quipes d'am\u00e9liorer comp\u00e9tences et relations.","robots":{"index":"index","follow":"follow","max-snippet":"max-snippet:-1","max-image-preview":"max-image-preview:large","max-video-preview":"max-video-preview:-1"},"canonical":"https:\/\/dunod-formation.com\/petite-enfance\/formation\/kit-journee-pedagogique\/","og_locale":"fr_FR","og_type":"article","og_title":"Kit Journ\u00e9e p\u00e9dagogique - Dunod Formation Petite Enfance","og_description":"Les journ\u00e9es p\u00e9dagogiques sont d\u00e9di\u00e9s aux professionnels pour permettre aux \u00e9quipes d'am\u00e9liorer comp\u00e9tences et relations.","og_url":"https:\/\/dunod-formation.com\/petite-enfance\/formation\/kit-journee-pedagogique\/","og_site_name":"Dunod Formation Petite Enfance","article_modified_time":"2026-04-19T20:12:28+00:00","og_image":[{"width":2560,"height":854,"url":"https:\/\/dunod-formation.com\/petite-enfance\/wp-content\/uploads\/2023\/09\/visuel_long_photo_site_kit_pedagogique-scaled.jpg","type":"image\/jpeg"}],"twitter_card":"summary_large_image","schema":{"@context":"https:\/\/schema.org","@graph":[{"@type":"WebPage","@id":"https:\/\/dunod-formation.com\/petite-enfance\/formation\/kit-journee-pedagogique\/","url":"https:\/\/dunod-formation.com\/petite-enfance\/formation\/kit-journee-pedagogique\/","name":"Kit Journ\u00e9e p\u00e9dagogique - Dunod Formation Petite Enfance","isPartOf":{"@id":"https:\/\/dunod-formation.com\/petite-enfance\/#website"},"datePublished":"2023-09-25T08:59:05+00:00","dateModified":"2026-04-19T20:12:28+00:00","description":"Les journ\u00e9es p\u00e9dagogiques sont d\u00e9di\u00e9s aux professionnels pour permettre aux \u00e9quipes d'am\u00e9liorer comp\u00e9tences et relations.","breadcrumb":{"@id":"https:\/\/dunod-formation.com\/petite-enfance\/formation\/kit-journee-pedagogique\/#breadcrumb"},"inLanguage":"fr-FR","potentialAction":[{"@type":"ReadAction","target":["https:\/\/dunod-formation.com\/petite-enfance\/formation\/kit-journee-pedagogique\/"]}]},{"@type":"BreadcrumbList","@id":"https:\/\/dunod-formation.com\/petite-enfance\/formation\/kit-journee-pedagogique\/#breadcrumb","itemListElement":[{"@type":"ListItem","position":1,"name":"Accueil","item":"https:\/\/dunod-formation.com\/petite-enfance\/"},{"@type":"ListItem","position":2,"name":"Kit Journ\u00e9e p\u00e9dagogique"}]},{"@type":"WebSite","@id":"https:\/\/dunod-formation.com\/petite-enfance\/#website","url":"https:\/\/dunod-formation.com\/petite-enfance\/","name":"Dunod Formation Petite Enfance","description":"La formation 100% en ligne pour les professionnels de la petite enfance","potentialAction":[{"@type":"SearchAction","target":{"@type":"EntryPoint","urlTemplate":"https:\/\/dunod-formation.com\/petite-enfance\/?s={search_term_string}"},"query-input":"required name=search_term_string"}],"inLanguage":"fr-FR"}]}},"_links":{"self":[{"href":"https:\/\/dunod-formation.com\/petite-enfance\/wp-json\/wp\/v2\/formation\/6394"}],"collection":[{"href":"https:\/\/dunod-formation.com\/petite-enfance\/wp-json\/wp\/v2\/formation"}],"about":[{"href":"https:\/\/dunod-formation.com\/petite-enfance\/wp-json\/wp\/v2\/types\/formation"}],"version-history":[{"count":53,"href":"https:\/\/dunod-formation.com\/petite-enfance\/wp-json\/wp\/v2\/formation\/6394\/revisions"}],"predecessor-version":[{"id":8965,"href":"https:\/\/dunod-formation.com\/petite-enfance\/wp-json\/wp\/v2\/formation\/6394\/revisions\/8965"}],"wp:featuredmedia":[{"embeddable":true,"href":"https:\/\/dunod-formation.com\/petite-enfance\/wp-json\/wp\/v2\/media\/6459"}],"wp:attachment":[{"href":"https:\/\/dunod-formation.com\/petite-enfance\/wp-json\/wp\/v2\/media?parent=6394"}],"wp:term":[{"taxonomy":"type_formation","embeddable":true,"href":"https:\/\/dunod-formation.com\/petite-enfance\/wp-json\/wp\/v2\/type_formation?post=6394"}],"curies":[{"name":"wp","href":"https:\/\/api.w.org\/{rel}","templated":true}]}}

Kit Journée pédagogique

<!-- This site is optimized with the Yoast SEO plugin v20.8 - https://yoast.com/wordpress/plugins/seo/ -->
<title>Kit Journée pédagogique - Dunod Formation Petite Enfance</title>
<meta name="description" content="Les journées pédagogiques sont dédiés aux professionnels pour permettre aux équipes d&#039;améliorer compétences et relations." />
<meta name="robots" content="index, follow, max-snippet:-1, max-image-preview:large, max-video-preview:-1" />
<link rel="canonical" href="https://dunod-formation.com/petite-enfance/formation/kit-journee-pedagogique/" />
<meta property="og:locale" content="fr_FR" />
<meta property="og:type" content="article" />
<meta property="og:title" content="Kit Journée pédagogique - Dunod Formation Petite Enfance" />
<meta property="og:description" content="Les journées pédagogiques sont dédiés aux professionnels pour permettre aux équipes d&#039;améliorer compétences et relations." />
<meta property="og:url" content="https://dunod-formation.com/petite-enfance/formation/kit-journee-pedagogique/" />
<meta property="og:site_name" content="Dunod Formation Petite Enfance" />
<meta property="article:modified_time" content="2026-04-19T20:12:28+00:00" />
<meta property="og:image" content="https://dunod-formation.com/petite-enfance/wp-content/uploads/2023/09/visuel_long_photo_site_kit_pedagogique-scaled.jpg" />
	<meta property="og:image:width" content="2560" />
	<meta property="og:image:height" content="854" />
	<meta property="og:image:type" content="image/jpeg" />
<meta name="twitter:card" content="summary_large_image" />
<script type="application/ld+json" class="yoast-schema-graph">{"@context":"https://schema.org","@graph":[{"@type":"WebPage","@id":"https://dunod-formation.com/petite-enfance/formation/kit-journee-pedagogique/","url":"https://dunod-formation.com/petite-enfance/formation/kit-journee-pedagogique/","name":"Kit Journée pédagogique - Dunod Formation Petite Enfance","isPartOf":{"@id":"https://dunod-formation.com/petite-enfance/#website"},"datePublished":"2023-09-25T08:59:05+00:00","dateModified":"2026-04-19T20:12:28+00:00","description":"Les journées pédagogiques sont dédiés aux professionnels pour permettre aux équipes d'améliorer compétences et relations.","breadcrumb":{"@id":"https://dunod-formation.com/petite-enfance/formation/kit-journee-pedagogique/#breadcrumb"},"inLanguage":"fr-FR","potentialAction":[{"@type":"ReadAction","target":["https://dunod-formation.com/petite-enfance/formation/kit-journee-pedagogique/"]}]},{"@type":"BreadcrumbList","@id":"https://dunod-formation.com/petite-enfance/formation/kit-journee-pedagogique/#breadcrumb","itemListElement":[{"@type":"ListItem","position":1,"name":"Accueil","item":"https://dunod-formation.com/petite-enfance/"},{"@type":"ListItem","position":2,"name":"Kit Journée pédagogique"}]},{"@type":"WebSite","@id":"https://dunod-formation.com/petite-enfance/#website","url":"https://dunod-formation.com/petite-enfance/","name":"Dunod Formation Petite Enfance","description":"La formation 100% en ligne pour les professionnels de la petite enfance","potentialAction":[{"@type":"SearchAction","target":{"@type":"EntryPoint","urlTemplate":"https://dunod-formation.com/petite-enfance/?s={search_term_string}"},"query-input":"required name=search_term_string"}],"inLanguage":"fr-FR"}]}</script>
<!-- / Yoast SEO plugin. -->

Kit Journée pédagogique - Dunod Formation Petite Enfance

Les journées pédagogiques sont dédiés aux professionnels pour permettre aux équipes d'améliorer compétences et relations.
