{"id":7801,"date":"2025-04-22T10:43:10","date_gmt":"2025-04-22T08:43:10","guid":{"rendered":"https:\/\/dunod-formation.com\/petite-enfance\/?post_type=formation&#038;p=7801"},"modified":"2026-04-22T12:18:59","modified_gmt":"2026-04-22T10:18:59","slug":"journee-pedagogique-observation-professionnelle-en-creche","status":"publish","type":"formation","link":"https:\/\/dunod-formation.com\/petite-enfance\/formation\/journee-pedagogique-observation-professionnelle-en-creche\/","title":{"rendered":"L&rsquo;Observation professionnelle en cr\u00e8che &#8211; Pr\u00e9sentiel"},"featured_media":7920,"menu_order":0,"template":"template-formation-presentiel-jp.php","type_formation":[6],"acf":[],"yoast_head":"<!-- This site is optimized with the Yoast SEO plugin v20.8 - https:\/\/yoast.com\/wordpress\/plugins\/seo\/ -->\n<title>L&#039;Observation professionnelle en cr\u00e8che - Pr\u00e9sentiel - Dunod Formation Petite Enfance<\/title>\n<meta name=\"description\" content=\"Affiner les pratiques \u00e9ducatives par une observation bienveillante, attentive et partag\u00e9e.\" \/>\n<meta name=\"robots\" content=\"index, follow, max-snippet:-1, max-image-preview:large, max-video-preview:-1\" \/>\n<link rel=\"canonical\" href=\"https:\/\/dunod-formation.com\/petite-enfance\/formation\/journee-pedagogique-observation-professionnelle-en-creche\/\" \/>\n<meta property=\"og:locale\" content=\"fr_FR\" \/>\n<meta property=\"og:type\" content=\"article\" \/>\n<meta property=\"og:title\" content=\"L&#039;Observation professionnelle en cr\u00e8che - Pr\u00e9sentiel - Dunod Formation Petite Enfance\" \/>\n<meta property=\"og:description\" content=\"Affiner les pratiques \u00e9ducatives par une observation bienveillante, attentive et partag\u00e9e.\" \/>\n<meta property=\"og:url\" content=\"https:\/\/dunod-formation.com\/petite-enfance\/formation\/journee-pedagogique-observation-professionnelle-en-creche\/\" \/>\n<meta property=\"og:site_name\" content=\"Dunod Formation Petite Enfance\" \/>\n<meta property=\"article:modified_time\" content=\"2026-04-22T10:18:59+00:00\" \/>\n<meta property=\"og:image\" content=\"https:\/\/dunod-formation.com\/petite-enfance\/wp-content\/uploads\/2025\/04\/shutterstock_2224792637_observation_BD_cut.jpg\" \/>\n\t<meta property=\"og:image:width\" content=\"1000\" \/>\n\t<meta property=\"og:image:height\" content=\"452\" \/>\n\t<meta property=\"og:image:type\" content=\"image\/jpeg\" \/>\n<meta name=\"twitter:card\" content=\"summary_large_image\" \/>\n<script type=\"application\/ld+json\" class=\"yoast-schema-graph\">{\"@context\":\"https:\/\/schema.org\",\"@graph\":[{\"@type\":\"WebPage\",\"@id\":\"https:\/\/dunod-formation.com\/petite-enfance\/formation\/journee-pedagogique-observation-professionnelle-en-creche\/\",\"url\":\"https:\/\/dunod-formation.com\/petite-enfance\/formation\/journee-pedagogique-observation-professionnelle-en-creche\/\",\"name\":\"L'Observation professionnelle en cr\u00e8che - Pr\u00e9sentiel - Dunod Formation Petite Enfance\",\"isPartOf\":{\"@id\":\"https:\/\/dunod-formation.com\/petite-enfance\/#website\"},\"datePublished\":\"2025-04-22T08:43:10+00:00\",\"dateModified\":\"2026-04-22T10:18:59+00:00\",\"description\":\"Affiner les pratiques \u00e9ducatives par une observation bienveillante, attentive et partag\u00e9e.\",\"breadcrumb\":{\"@id\":\"https:\/\/dunod-formation.com\/petite-enfance\/formation\/journee-pedagogique-observation-professionnelle-en-creche\/#breadcrumb\"},\"inLanguage\":\"fr-FR\",\"potentialAction\":[{\"@type\":\"ReadAction\",\"target\":[\"https:\/\/dunod-formation.com\/petite-enfance\/formation\/journee-pedagogique-observation-professionnelle-en-creche\/\"]}]},{\"@type\":\"BreadcrumbList\",\"@id\":\"https:\/\/dunod-formation.com\/petite-enfance\/formation\/journee-pedagogique-observation-professionnelle-en-creche\/#breadcrumb\",\"itemListElement\":[{\"@type\":\"ListItem\",\"position\":1,\"name\":\"Accueil\",\"item\":\"https:\/\/dunod-formation.com\/petite-enfance\/\"},{\"@type\":\"ListItem\",\"position\":2,\"name\":\"L&rsquo;Observation professionnelle en cr\u00e8che &#8211; Pr\u00e9sentiel\"}]},{\"@type\":\"WebSite\",\"@id\":\"https:\/\/dunod-formation.com\/petite-enfance\/#website\",\"url\":\"https:\/\/dunod-formation.com\/petite-enfance\/\",\"name\":\"Dunod Formation Petite Enfance\",\"description\":\"La formation 100% en ligne pour les professionnels de la petite enfance\",\"potentialAction\":[{\"@type\":\"SearchAction\",\"target\":{\"@type\":\"EntryPoint\",\"urlTemplate\":\"https:\/\/dunod-formation.com\/petite-enfance\/?s={search_term_string}\"},\"query-input\":\"required name=search_term_string\"}],\"inLanguage\":\"fr-FR\"}]}<\/script>\n<!-- \/ Yoast SEO plugin. -->","yoast_head_json":{"title":"L'Observation professionnelle en cr\u00e8che - Pr\u00e9sentiel - Dunod Formation Petite Enfance","description":"Affiner les pratiques \u00e9ducatives par une observation bienveillante, attentive et partag\u00e9e.","robots":{"index":"index","follow":"follow","max-snippet":"max-snippet:-1","max-image-preview":"max-image-preview:large","max-video-preview":"max-video-preview:-1"},"canonical":"https:\/\/dunod-formation.com\/petite-enfance\/formation\/journee-pedagogique-observation-professionnelle-en-creche\/","og_locale":"fr_FR","og_type":"article","og_title":"L'Observation professionnelle en cr\u00e8che - Pr\u00e9sentiel - Dunod Formation Petite Enfance","og_description":"Affiner les pratiques \u00e9ducatives par une observation bienveillante, attentive et partag\u00e9e.","og_url":"https:\/\/dunod-formation.com\/petite-enfance\/formation\/journee-pedagogique-observation-professionnelle-en-creche\/","og_site_name":"Dunod Formation Petite Enfance","article_modified_time":"2026-04-22T10:18:59+00:00","og_image":[{"width":1000,"height":452,"url":"https:\/\/dunod-formation.com\/petite-enfance\/wp-content\/uploads\/2025\/04\/shutterstock_2224792637_observation_BD_cut.jpg","type":"image\/jpeg"}],"twitter_card":"summary_large_image","schema":{"@context":"https:\/\/schema.org","@graph":[{"@type":"WebPage","@id":"https:\/\/dunod-formation.com\/petite-enfance\/formation\/journee-pedagogique-observation-professionnelle-en-creche\/","url":"https:\/\/dunod-formation.com\/petite-enfance\/formation\/journee-pedagogique-observation-professionnelle-en-creche\/","name":"L'Observation professionnelle en cr\u00e8che - Pr\u00e9sentiel - Dunod Formation Petite Enfance","isPartOf":{"@id":"https:\/\/dunod-formation.com\/petite-enfance\/#website"},"datePublished":"2025-04-22T08:43:10+00:00","dateModified":"2026-04-22T10:18:59+00:00","description":"Affiner les pratiques \u00e9ducatives par une observation bienveillante, attentive et partag\u00e9e.","breadcrumb":{"@id":"https:\/\/dunod-formation.com\/petite-enfance\/formation\/journee-pedagogique-observation-professionnelle-en-creche\/#breadcrumb"},"inLanguage":"fr-FR","potentialAction":[{"@type":"ReadAction","target":["https:\/\/dunod-formation.com\/petite-enfance\/formation\/journee-pedagogique-observation-professionnelle-en-creche\/"]}]},{"@type":"BreadcrumbList","@id":"https:\/\/dunod-formation.com\/petite-enfance\/formation\/journee-pedagogique-observation-professionnelle-en-creche\/#breadcrumb","itemListElement":[{"@type":"ListItem","position":1,"name":"Accueil","item":"https:\/\/dunod-formation.com\/petite-enfance\/"},{"@type":"ListItem","position":2,"name":"L&rsquo;Observation professionnelle en cr\u00e8che &#8211; Pr\u00e9sentiel"}]},{"@type":"WebSite","@id":"https:\/\/dunod-formation.com\/petite-enfance\/#website","url":"https:\/\/dunod-formation.com\/petite-enfance\/","name":"Dunod Formation Petite Enfance","description":"La formation 100% en ligne pour les professionnels de la petite enfance","potentialAction":[{"@type":"SearchAction","target":{"@type":"EntryPoint","urlTemplate":"https:\/\/dunod-formation.com\/petite-enfance\/?s={search_term_string}"},"query-input":"required name=search_term_string"}],"inLanguage":"fr-FR"}]}},"_links":{"self":[{"href":"https:\/\/dunod-formation.com\/petite-enfance\/wp-json\/wp\/v2\/formation\/7801"}],"collection":[{"href":"https:\/\/dunod-formation.com\/petite-enfance\/wp-json\/wp\/v2\/formation"}],"about":[{"href":"https:\/\/dunod-formation.com\/petite-enfance\/wp-json\/wp\/v2\/types\/formation"}],"version-history":[{"count":4,"href":"https:\/\/dunod-formation.com\/petite-enfance\/wp-json\/wp\/v2\/formation\/7801\/revisions"}],"predecessor-version":[{"id":9112,"href":"https:\/\/dunod-formation.com\/petite-enfance\/wp-json\/wp\/v2\/formation\/7801\/revisions\/9112"}],"wp:featuredmedia":[{"embeddable":true,"href":"https:\/\/dunod-formation.com\/petite-enfance\/wp-json\/wp\/v2\/media\/7920"}],"wp:attachment":[{"href":"https:\/\/dunod-formation.com\/petite-enfance\/wp-json\/wp\/v2\/media?parent=7801"}],"wp:term":[{"taxonomy":"type_formation","embeddable":true,"href":"https:\/\/dunod-formation.com\/petite-enfance\/wp-json\/wp\/v2\/type_formation?post=7801"}],"curies":[{"name":"wp","href":"https:\/\/api.w.org\/{rel}","templated":true}]}}

L&rsquo;Observation professionnelle en crèche &#8211; Présentiel

<!-- This site is optimized with the Yoast SEO plugin v20.8 - https://yoast.com/wordpress/plugins/seo/ -->
<title>L&#039;Observation professionnelle en crèche - Présentiel - Dunod Formation Petite Enfance</title>
<meta name="description" content="Affiner les pratiques éducatives par une observation bienveillante, attentive et partagée." />
<meta name="robots" content="index, follow, max-snippet:-1, max-image-preview:large, max-video-preview:-1" />
<link rel="canonical" href="https://dunod-formation.com/petite-enfance/formation/journee-pedagogique-observation-professionnelle-en-creche/" />
<meta property="og:locale" content="fr_FR" />
<meta property="og:type" content="article" />
<meta property="og:title" content="L&#039;Observation professionnelle en crèche - Présentiel - Dunod Formation Petite Enfance" />
<meta property="og:description" content="Affiner les pratiques éducatives par une observation bienveillante, attentive et partagée." />
<meta property="og:url" content="https://dunod-formation.com/petite-enfance/formation/journee-pedagogique-observation-professionnelle-en-creche/" />
<meta property="og:site_name" content="Dunod Formation Petite Enfance" />
<meta property="article:modified_time" content="2026-04-22T10:18:59+00:00" />
<meta property="og:image" content="https://dunod-formation.com/petite-enfance/wp-content/uploads/2025/04/shutterstock_2224792637_observation_BD_cut.jpg" />
	<meta property="og:image:width" content="1000" />
	<meta property="og:image:height" content="452" />
	<meta property="og:image:type" content="image/jpeg" />
<meta name="twitter:card" content="summary_large_image" />
<script type="application/ld+json" class="yoast-schema-graph">{"@context":"https://schema.org","@graph":[{"@type":"WebPage","@id":"https://dunod-formation.com/petite-enfance/formation/journee-pedagogique-observation-professionnelle-en-creche/","url":"https://dunod-formation.com/petite-enfance/formation/journee-pedagogique-observation-professionnelle-en-creche/","name":"L'Observation professionnelle en crèche - Présentiel - Dunod Formation Petite Enfance","isPartOf":{"@id":"https://dunod-formation.com/petite-enfance/#website"},"datePublished":"2025-04-22T08:43:10+00:00","dateModified":"2026-04-22T10:18:59+00:00","description":"Affiner les pratiques éducatives par une observation bienveillante, attentive et partagée.","breadcrumb":{"@id":"https://dunod-formation.com/petite-enfance/formation/journee-pedagogique-observation-professionnelle-en-creche/#breadcrumb"},"inLanguage":"fr-FR","potentialAction":[{"@type":"ReadAction","target":["https://dunod-formation.com/petite-enfance/formation/journee-pedagogique-observation-professionnelle-en-creche/"]}]},{"@type":"BreadcrumbList","@id":"https://dunod-formation.com/petite-enfance/formation/journee-pedagogique-observation-professionnelle-en-creche/#breadcrumb","itemListElement":[{"@type":"ListItem","position":1,"name":"Accueil","item":"https://dunod-formation.com/petite-enfance/"},{"@type":"ListItem","position":2,"name":"L&rsquo;Observation professionnelle en crèche &#8211; Présentiel"}]},{"@type":"WebSite","@id":"https://dunod-formation.com/petite-enfance/#website","url":"https://dunod-formation.com/petite-enfance/","name":"Dunod Formation Petite Enfance","description":"La formation 100% en ligne pour les professionnels de la petite enfance","potentialAction":[{"@type":"SearchAction","target":{"@type":"EntryPoint","urlTemplate":"https://dunod-formation.com/petite-enfance/?s={search_term_string}"},"query-input":"required name=search_term_string"}],"inLanguage":"fr-FR"}]}</script>
<!-- / Yoast SEO plugin. -->

L'Observation professionnelle en crèche - Présentiel - Dunod Formation Petite Enfance

Affiner les pratiques éducatives par une observation bienveillante, attentive et partagée.
