{"id":618,"date":"2020-11-04T17:55:00","date_gmt":"2020-11-04T16:55:00","guid":{"rendered":"https:\/\/dunod-formation.com\/portail\/?page_id=618"},"modified":"2026-02-06T13:16:06","modified_gmt":"2026-02-06T12:16:06","slug":"charte-cookies","status":"publish","type":"page","link":"https:\/\/dunod-formation.com\/portail\/charte-cookies\/","title":{"rendered":"Charte cookies"},"content":{"rendered":"<p>Lors de la consultation du site dunod-formation.com, ci-apr\u00e8s d\u00e9sign\u00e9 \u00ab le Site \u00bb, \u00e9dit\u00e9 par DUNOD \u00c9DITEUR, des cookies et autres traceurs peuvent \u00eatre d\u00e9pos\u00e9s sur votre terminal.<\/p>\n<h2 class=\"mb-3\">1. Les cookies, qu\u2019est-ce que c\u2019est ?<\/h2>\n<p>Un cookie est un fichier compos\u00e9 d\u2019un ensemble de caract\u00e8res envoy\u00e9 \u00e0 votre terminal via le navigateur internet choisi et qui peut pr\u00e9senter diverses fonctions. Certains de nos partenaires, ou des soci\u00e9t\u00e9s tierces (annonceurs par exemple) peuvent \u00e9galement, sous r\u00e9serves de vos choix, d\u00e9poser des cookies sur votre terminal.<\/p>\n<h2 class=\"mb-3\">2. Les cookies, quels sont-ils ?<\/h2>\n<h3 class=\"mb-3\">2.1. Les cookies d\u00e9pos\u00e9s par DUNOD \u00c9DITEUR<\/h3>\n<p>Plusieurs types de cookies, avec des finalit\u00e9s diff\u00e9rentes, sont utilis\u00e9s sur le Site. Certains sont n\u00e9cessaires pour pouvoir utiliser l\u2019ensemble de nos services.<\/p>\n<h4 class=\"mb-3\">2.1.1. Les cookies strictement n\u00e9cessaires<\/h4>\n<p>Les cookies n\u00e9cessaires au fonctionnement de notre Site sont des cookies sans lesquels vous ne pourrez utiliser l\u2019int\u00e9gralit\u00e9 des services propos\u00e9s sur notre Site. Ces cookies sont d\u00e9pos\u00e9s par DUNOD \u00c9DITEUR et ne concernent que le fonctionnement de notre Site.<\/p>\n<p>Les Cookies strictement n\u00e9cessaires que nous \u00e9mettons sur notre Site nous permettent de :<\/p>\n<ul>\n<li>d\u00e9tecter et m\u00e9moriser l\u2019activation ou non de Javascript sur votre terminal, n\u00e9cessaire pour profiter de certaines fonctionnalit\u00e9s du Site ;<\/li>\n<li>vous permettre d&rsquo;acc\u00e9der \u00e0 des espaces r\u00e9serv\u00e9s et personnels de notre Site, tels que votre compte, gr\u00e2ce \u00e0 des identifiants ou des donn\u00e9es que vous nous avez \u00e9ventuellement ant\u00e9rieurement confi\u00e9s ;<\/li>\n<li>adapter la pr\u00e9sentation de notre Site aux pr\u00e9f\u00e9rences d&rsquo;affichage de votre terminal (langue utilis\u00e9e, r\u00e9solution d&rsquo;affichage, syst\u00e8me d&rsquo;exploitation utilis\u00e9, etc.) lors de vos visites sur notre Site, selon les mat\u00e9riels et les logiciels de visualisation ou de lecture que votre terminal comporte ;<\/li>\n<li>fournir une connexion s\u00e9curitaire ;<\/li>\n<li>mettre en \u0153uvre des mesures de s\u00e9curit\u00e9, par exemple lorsqu\u2019il vous est demand\u00e9 de vous connecter \u00e0 nouveau \u00e0 un contenu ou \u00e0 un service apr\u00e8s un certain laps de temps.<\/li>\n<\/ul>\n<h4>2.1.2. Les cookies fonctionnels<\/h4>\n<p>Il s\u2019agit des cookies qui nous permettent de personnaliser votre utilisation de notre Site. Ils vous permettent de m\u00e9moriser vos choix et pr\u00e9f\u00e9rences. Ils peuvent aussi \u00eatre utilis\u00e9s pour vous fournir des fonctionnalit\u00e9s que vous avez sollicit\u00e9es.<\/p>\n<h3 class=\"mb-3\">2.2. Les cookies d\u00e9pos\u00e9s par DUNOD \u00c9DITEUR et\/ou des tiers<\/h3>\n<h4 class=\"mb-3\">2.2.1. Les cookies analytiques<\/h4>\n<p>Il s\u2019agit de cookies qui nous permettent de conna\u00eetre l\u2019utilisation et les performances de notre Site et de pouvoir ainsi en am\u00e9liorer son fonctionnement. Ces cookies peuvent \u00eatre d\u00e9pos\u00e9s par DUNOD \u00c9DITEUR ou des prestataires tiers.<\/p>\n<p>Les Cookies analytiques que nous \u00e9mettons sur notre Site nous permettent de :<\/p>\n<ul>\n<li>comptabiliser le nombre de visiteurs sur notre Site notamment \u00e0 des fins statistiques ;<\/li>\n<li>\u00e9tablir des statistiques et volumes de fr\u00e9quentation et d&rsquo;utilisation des divers \u00e9l\u00e9ments composant notre Site (rubriques et contenus visit\u00e9s, parcours), nous permettant d&rsquo;am\u00e9liorer l&rsquo;int\u00e9r\u00eat et l&rsquo;ergonomie de nos services ;<\/li>\n<li>assurer que le Site est coh\u00e9rent ;<\/li>\n<li>analyser votre navigation et nous permettre de mesurer l\u2019audience de notre Site ;<\/li>\n<li>enregistrer des cookies \u00e0 partir du Site pour analyser comment le Site fonctionne et comment vous vous d\u00e9placez sur le Site. Ces informations nous permettent ensuite de faire des modifications sur le Site aux fins d&rsquo;am\u00e9liorer votre exp\u00e9rience en ligne.<\/li>\n<\/ul>\n<p>Notre site a recours \u00e0 la solution de mesure d\u2019audience Piano Analytics. Pour refuser le d\u00e9p\u00f4t de cookies par la solution de mesure d\u2019audience Piano Analytics, veuillez prendre connaissance des modalit\u00e9s expos\u00e9es ci-dessous.<\/p>\n<h4 class=\"mb-3\">2.2.2. Les cookies publicitaires :<\/h4>\n<p>Le refus de ces cookies n\u2019entra\u00eene pas l\u2019arr\u00eat de la publicit\u00e9 mais tendent \u00e0 :<\/p>\n<ul>\n<li>r\u00e9aliser des mesures d\u2019audience de notre site,<\/li>\n<li>limiter la r\u00e9p\u00e9tition de publicit\u00e9s,<\/li>\n<li>calculer les r\u00e9mun\u00e9rations des acteurs de la diffusion publicitaire et \u00e9tablir des statistiques,<\/li>\n<li>adapter les diffusions publicitaires qui vous sont adress\u00e9es sur notre site ou sur tout autre site que vous pourriez consulter par ailleurs.<\/li>\n<\/ul>\n<p>Les utilisateurs doivent comprendre que DUNOD \u00c9DITEUR ne participe ni au d\u00e9p\u00f4t, ni \u00e0 la lecture de ces cookies, et n\u2019a pas connaissance des informations collect\u00e9es via ces cookies.<\/p>\n<h2 class=\"mb-3\">3. Quelle est la dur\u00e9e de conservation des cookies ?<\/h2>\n<p>Les cookies d\u00e9pos\u00e9s par DUNOD \u00c9DITEUR, ses partenaires ou des tiers, ainsi que les donn\u00e9es de navigation recueillies sont conserv\u00e9s pour une dur\u00e9e maximale de treize (13) mois \u00e0 compter de leur d\u00e9p\u00f4t sur votre terminal. \u00c0 l\u2019expiration de ce d\u00e9lai, votre consentement sera \u00e0 nouveau n\u00e9cessaire.<\/p>\n<h2 class=\"mb-3\">4. Les cookies, quels sont vos choix ?<\/h2>\n<p>L\u2019installation de cookies n\u2019est pas obligatoire et vous pouvez param\u00e9trer leur d\u00e9p\u00f4t. Vos choix ne sont pas d\u00e9finitifs et vous pouvez \u00e0 tout moment les modifier. <a>Param\u00e9trer vos cookies.<\/a><\/p>\n<p>&nbsp;<\/p>\n<p>Date de derni\u00e8re modification : 5 f\u00e9vrier 2026.<\/p>\n","protected":false},"excerpt":{"rendered":"<p>Lors de la consultation du site dunod-formation.com, ci-apr\u00e8s d\u00e9sign\u00e9 \u00ab le Site \u00bb, \u00e9dit\u00e9 par DUNOD \u00c9DITEUR, des cookies et autres traceurs peuvent \u00eatre d\u00e9pos\u00e9s sur votre terminal. 1. Les cookies, qu\u2019est-ce que c\u2019est ? Un cookie est un fichier compos\u00e9 d\u2019un ensemble de caract\u00e8res envoy\u00e9 \u00e0 votre terminal via le navigateur internet choisi et [&#8230;]<\/p>\n<p><a class=\"btn btn-secondary understrap-read-more-link\" href=\"https:\/\/dunod-formation.com\/portail\/charte-cookies\/\">Lire la suite\u2026<span class=\"screen-reader-text\"> from Charte cookies<\/span><\/a><\/p>\n","protected":false},"author":1,"featured_media":0,"parent":0,"menu_order":0,"comment_status":"closed","ping_status":"closed","template":"","meta":{"footnotes":""},"class_list":["post-618","page","type-page","status-publish","hentry"],"yoast_head":"<!-- This site is optimized with the Yoast SEO plugin v19.13 - https:\/\/yoast.com\/wordpress\/plugins\/seo\/ -->\n<title>Charte cookies - Dunod Formation<\/title>\n<meta name=\"robots\" content=\"index, follow, max-snippet:-1, max-image-preview:large, max-video-preview:-1\" \/>\n<link rel=\"canonical\" href=\"https:\/\/dunod-formation.com\/portail\/charte-cookies\/\" \/>\n<meta property=\"og:locale\" content=\"fr_FR\" \/>\n<meta property=\"og:type\" content=\"article\" \/>\n<meta property=\"og:title\" content=\"Charte cookies - Dunod Formation\" \/>\n<meta property=\"og:description\" content=\"Lors de la consultation du site dunod-formation.com, ci-apr\u00e8s d\u00e9sign\u00e9 \u00ab le Site \u00bb, \u00e9dit\u00e9 par DUNOD \u00c9DITEUR, des cookies et autres traceurs peuvent \u00eatre d\u00e9pos\u00e9s sur votre terminal. 1. Les cookies, qu\u2019est-ce que c\u2019est ? Un cookie est un fichier compos\u00e9 d\u2019un ensemble de caract\u00e8res envoy\u00e9 \u00e0 votre terminal via le navigateur internet choisi et [...]Lire la suite\u2026 from Charte cookies\" \/>\n<meta property=\"og:url\" content=\"https:\/\/dunod-formation.com\/portail\/charte-cookies\/\" \/>\n<meta property=\"og:site_name\" content=\"Dunod Formation\" \/>\n<meta property=\"article:modified_time\" content=\"2026-02-06T12:16:06+00:00\" \/>\n<meta name=\"twitter:card\" content=\"summary_large_image\" \/>\n<script type=\"application\/ld+json\" class=\"yoast-schema-graph\">{\"@context\":\"https:\/\/schema.org\",\"@graph\":[{\"@type\":\"WebPage\",\"@id\":\"https:\/\/dunod-formation.com\/portail\/charte-cookies\/\",\"url\":\"https:\/\/dunod-formation.com\/portail\/charte-cookies\/\",\"name\":\"Charte cookies - Dunod Formation\",\"isPartOf\":{\"@id\":\"https:\/\/dunod-formation.com\/portail\/#website\"},\"datePublished\":\"2020-11-04T16:55:00+00:00\",\"dateModified\":\"2026-02-06T12:16:06+00:00\",\"breadcrumb\":{\"@id\":\"https:\/\/dunod-formation.com\/portail\/charte-cookies\/#breadcrumb\"},\"inLanguage\":\"fr-FR\",\"potentialAction\":[{\"@type\":\"ReadAction\",\"target\":[\"https:\/\/dunod-formation.com\/portail\/charte-cookies\/\"]}]},{\"@type\":\"BreadcrumbList\",\"@id\":\"https:\/\/dunod-formation.com\/portail\/charte-cookies\/#breadcrumb\",\"itemListElement\":[{\"@type\":\"ListItem\",\"position\":1,\"name\":\"Accueil\",\"item\":\"https:\/\/dunod-formation.com\/portail\/\"},{\"@type\":\"ListItem\",\"position\":2,\"name\":\"Charte cookies\"}]},{\"@type\":\"WebSite\",\"@id\":\"https:\/\/dunod-formation.com\/portail\/#website\",\"url\":\"https:\/\/dunod-formation.com\/portail\/\",\"name\":\"Dunod Formation\",\"description\":\"La formation 100% en ligne pour les professionnels\",\"potentialAction\":[{\"@type\":\"SearchAction\",\"target\":{\"@type\":\"EntryPoint\",\"urlTemplate\":\"https:\/\/dunod-formation.com\/portail\/?s={search_term_string}\"},\"query-input\":\"required name=search_term_string\"}],\"inLanguage\":\"fr-FR\"}]}<\/script>\n<!-- \/ Yoast SEO plugin. -->","yoast_head_json":{"title":"Charte cookies - Dunod Formation","robots":{"index":"index","follow":"follow","max-snippet":"max-snippet:-1","max-image-preview":"max-image-preview:large","max-video-preview":"max-video-preview:-1"},"canonical":"https:\/\/dunod-formation.com\/portail\/charte-cookies\/","og_locale":"fr_FR","og_type":"article","og_title":"Charte cookies - Dunod Formation","og_description":"Lors de la consultation du site dunod-formation.com, ci-apr\u00e8s d\u00e9sign\u00e9 \u00ab le Site \u00bb, \u00e9dit\u00e9 par DUNOD \u00c9DITEUR, des cookies et autres traceurs peuvent \u00eatre d\u00e9pos\u00e9s sur votre terminal. 1. Les cookies, qu\u2019est-ce que c\u2019est ? Un cookie est un fichier compos\u00e9 d\u2019un ensemble de caract\u00e8res envoy\u00e9 \u00e0 votre terminal via le navigateur internet choisi et [...]Lire la suite\u2026 from Charte cookies","og_url":"https:\/\/dunod-formation.com\/portail\/charte-cookies\/","og_site_name":"Dunod Formation","article_modified_time":"2026-02-06T12:16:06+00:00","twitter_card":"summary_large_image","schema":{"@context":"https:\/\/schema.org","@graph":[{"@type":"WebPage","@id":"https:\/\/dunod-formation.com\/portail\/charte-cookies\/","url":"https:\/\/dunod-formation.com\/portail\/charte-cookies\/","name":"Charte cookies - Dunod Formation","isPartOf":{"@id":"https:\/\/dunod-formation.com\/portail\/#website"},"datePublished":"2020-11-04T16:55:00+00:00","dateModified":"2026-02-06T12:16:06+00:00","breadcrumb":{"@id":"https:\/\/dunod-formation.com\/portail\/charte-cookies\/#breadcrumb"},"inLanguage":"fr-FR","potentialAction":[{"@type":"ReadAction","target":["https:\/\/dunod-formation.com\/portail\/charte-cookies\/"]}]},{"@type":"BreadcrumbList","@id":"https:\/\/dunod-formation.com\/portail\/charte-cookies\/#breadcrumb","itemListElement":[{"@type":"ListItem","position":1,"name":"Accueil","item":"https:\/\/dunod-formation.com\/portail\/"},{"@type":"ListItem","position":2,"name":"Charte cookies"}]},{"@type":"WebSite","@id":"https:\/\/dunod-formation.com\/portail\/#website","url":"https:\/\/dunod-formation.com\/portail\/","name":"Dunod Formation","description":"La formation 100% en ligne pour les professionnels","potentialAction":[{"@type":"SearchAction","target":{"@type":"EntryPoint","urlTemplate":"https:\/\/dunod-formation.com\/portail\/?s={search_term_string}"},"query-input":"required name=search_term_string"}],"inLanguage":"fr-FR"}]}},"_links":{"self":[{"href":"https:\/\/dunod-formation.com\/portail\/wp-json\/wp\/v2\/pages\/618","targetHints":{"allow":["GET"]}}],"collection":[{"href":"https:\/\/dunod-formation.com\/portail\/wp-json\/wp\/v2\/pages"}],"about":[{"href":"https:\/\/dunod-formation.com\/portail\/wp-json\/wp\/v2\/types\/page"}],"author":[{"embeddable":true,"href":"https:\/\/dunod-formation.com\/portail\/wp-json\/wp\/v2\/users\/1"}],"replies":[{"embeddable":true,"href":"https:\/\/dunod-formation.com\/portail\/wp-json\/wp\/v2\/comments?post=618"}],"version-history":[{"count":14,"href":"https:\/\/dunod-formation.com\/portail\/wp-json\/wp\/v2\/pages\/618\/revisions"}],"predecessor-version":[{"id":1746,"href":"https:\/\/dunod-formation.com\/portail\/wp-json\/wp\/v2\/pages\/618\/revisions\/1746"}],"wp:attachment":[{"href":"https:\/\/dunod-formation.com\/portail\/wp-json\/wp\/v2\/media?parent=618"}],"curies":[{"name":"wp","href":"https:\/\/api.w.org\/{rel}","templated":true}]}}